s divided by 33015.
823
What is the remainder when 22091790 is divided by 12874?
6
What is the remainder when 1325815 is divided by 3738?
2563
What is the remainder when 64611 is divided by 72?
27
Calculate the remainder when 218157 is divided by 121.
115
Calculate the remainder when 6905517 is divided by 47.
42
What is the remainder when 1778533 is divided by 5756?
5685
Calculate the remainder when 80253 is divided by 1067.
228
What is the remainder when 242951 is divided by 48401?
946
Calculate the remainder when 10561064 is divided by 85.
69
What is the remainder when 54513 is divided by 60?
33
What is the remainder when 434898674 is divided by 201?
200
What is the remainder when 201857 is divided by 2758?
523
Calculate the remainder when 2073448 is divided by 1036656.
136
Calculate the remainder when 89334 is divided by 3183.
210
Calculate the remainder when 1362478 is divided by 930.
28
Calculate the remainder when 8644537 is divided by 45.
37
Calculate the remainder when 59433 is divided by 178.
159
What is the remainder when 264205 is divided by 43990?
265
What is the remainder when 36950 is divided by 18356?
238
What is the remainder when 401991 is divided by 1104?
135
What is the remainder when 19391326 is divided by 528?
526
What is the remainder when 23410431 is divided by 18?
9
Calculate the remainder when 34682968 is divided by 444.
352
What is the remainder when 957054170 is divided by 1641?
1637
Calculate the remainder when 61070 is divided by 6203.
5243
What is the remainder when 6403892 is divided by 25?
17
Calculate the remainder when 680868 is divided by 68083.
38
What is the remainder when 17680188 is divided by 4162?
12
What is the remainder when 7687016 is divided by 172?
164
Calculate the remainder when 16744 is divided by 536.
128
What is the remainder when 501699 is divided by 2312?
2307
What is the remainder when 449123 is divided by 5046?
29
Calculate the remainder when 23695545 is divided by 69.
48
Calculate the remainder when 254047 is divided by 745.
2
Calculate the remainder when 13079 is divided by 40.
39
What is the remainder when 1962619 is divided by 81767?
211
Calculate the remainder when 2401823 is divided by 2471.
11
What is the remainder when 440823 is divided by 27?
21
Calculate the remainder when 682656 is divided by 682637.
19
Calculate the remainder when 44279 is divided by 3647.
515
What is the remainder when 18658722 is divided by 1554888?
66
What is the remainder when 160166 is divided by 253?
17
What is the remainder when 488129 is divided by 81245?
659
What is the remainder when 202279 is divided by 414?
247
What is the remainder when 21103 is divided by 500?
103
What is the remainder when 130346373 is divided by 43448785?
18
Calculate the remainder when 14904578 is divided by 4012.
4010
Calculate the remainder when 9479 is divided by 2433.
2180
What is the remainder when 14660326 is divided by 2845?
41
What is the remainder when 46009 is divided by 14666?
2011
Calculate the remainder when 30097 is divided by 1400.
697
What is the remainder when 2782732 is divided by 1391361?
10
What is the remainder when 2444346 is divided by 318?
198
Calculate the remainder when 226554 is divided by 56573.
262
Calculate the remainder when 29157256 is divided by 2082659.
30
What is the remainder when 16529888 is divided by 25198?
0
Calculate the remainder when 308159 is divided by 155.
19
What is the remainder when 7866 is divided by 3760?
346
Calculate the remainder when 1291767 is divided by 24372.
51
Calculate the remainder when 61836 is divided by 56811.
5025
Calculate the remainder when 1044082 is divided by 728.
130
Calculate the remainder when 23554808 is divided by 4710948.
68
What is the remainder when 380580 is divided by 9945?
2670
What is the remainder when 28049 is divided by 12925?
2199
What is the remainder when 51030197 is divided by 4132?
4129
What is the remainder when 7998677 is divided by 210490?
57
What is the remainder when 1666745 is divided by 76?
65
Calculate the remainder when 856181 is divided by 106868.
1237
Calculate the remainder when 49647528 is divided by 1851.
6
What is the remainder when 1087049 is divided by 41?
16
Calculate the remainder when 64489360 is divided by 1115.
1105
What is the remainder when 1002992 is divided by 13373?
17
What is the remainder when 526685 is divided by 17556?
5
Calculate the remainder when 330541 is divided by 7680.
301
Calculate the remainder when 155823 is divided by 212.
3
What is the remainder when 390053298 is divided by 35?
33
What is the remainder when 238882 is divided by 205?
57
Calculate the remainder when 3651268 is divided by 1861.
1847
Calculate the remainder when 1109804 is divided by 536.
284
What is the remainder when 2135726 is divided by 1687?
1671
What is the remainder when 2477065 is divided by 9752?
57
What is the remainder when 604182 is divided by 201336?
174
What is the remainder when 18773489 is divided by 1564450?
89
What is the remainder when 67244 is divided by 6?
2
What is the remainder when 22097244 is divided by 2117?
2115
Calculate the remainder when 8919268 is divided by 93887.
3
Calculate the remainder when 335504 is divided by 111821.
41
What is the remainder when 1119640 is divided by 138?
46
Calculate the remainder when 144949013 is divided by 243.
242
What is the remainder when 1359030 is divided by 42465?
150
What is the remainder when 76292 is divided by 12710?
32
Calculate the remainder when 62310 is divided by 59162.
3148
What is the remainder when 9476202 is divided by 1896?
1890
What is the remainder when 5041161 is divided by 360068?
209
What is the remainder when 33961 is divided by 297?
103
What is the remainder when 392412 is divided by 347?
302
What is the remainder when 116317183 is divided by 16?
15
Calculate the remainder when 18305235 is divided by 202.
197
What is the remainder when 41955 is divided by 2624?
2595
Calculate the remainder when 1155524 is divided by 385152.
68
Calculate the remainder when 2511475 is divided by 1154.
371
Calculate the remainder when 4970493 is divided by 384.
381
What is the remainder when 18618770 is divided by 139?
137
What is the remainder when 92288755 is divided by 2299?
2297
What is the remainder when 193140 is divided by 26721?
6093
Calculate the remainder when 54601 is divided by 5562.
4543
What is the remainder when 1094832 is divided by 1527?
1500
What is the remainder when 19228987 is divided by 2231?
2229
Calculate the remainder when 3666398 is divided by 305523.
122
What is the remainder when 521773 is divided by 173900?
73
Calculate the remainder when 3093428 is divided by 5793.
5759
Calculate the remainder when 729883 is divided by 18.
1
What is the remainder when 3804682 is divided by 430?
42
What is the remainder when 2623429 is divided by 327927?
13
Calculate the remainder when 72617 is divided by 402.
257
What is the remainder when 5901458 is divided by 6?
2
What is the remainder when 2137989603 is divided by 179?
178
Calculate the remainder when 265042 is divided by 313.
244
Calculate the remainder when 99998 is divided by 49997.
4
What is the remainder when 1099500 is divided by 366?
36
What is the remainder when 16100408 is divided by 8050188?
32
What is the remainder when 2145944 is divided by 9093?
9089
What is the remainder when 76993 is divided by 7376?
3233
Calculate the remainder when 96609 is divided by 24112.
161
What is the remainder when 63326014 is divided by 4622?
4614
What is the remainder when 29130 is divided by 1134?
780
What is the remainder when 3064148 is divided by 2806?
2802
Calculate the remainder when 15778562 is divided by 787.
786
Calculate the remainder when 11123934 is divided by 52971.
24
Calculate the remainder when 2328733 is divided by 4841.
212
What is the remainder when 1019361 is divided by 9653?
5796
Calculate the remainder when 13245899 is divided by 59.
45
Calculate the remainder when 7766311 is divided by 366.
157
Calculate the remainder when 118685 is divided by 3835.
3635
What is the remainder when 48406 is divided by 3916?
1414
Calculate the remainder when 9667964 is divided by 883.
880
What is the remainder when 860838 is divided by 513?
24
Calculate the remainder when 41852 is divided by 8161.
104